50. What is the remainder when s is divided by 141?
140
Suppose 10*l + 0*l = 2*l. Suppose -5*m - 128 + 678 = l. Calculate the remainder when m is divided by 59.
51
Let f(n) = n**3 + 42*n**2 + 38*n + 26. Calculate the remainder when 152 is divided by f(-41).
3
Suppose -w + 2*v = 5, 0 = -0*w + 5*w + 2*v + 1. Let d be w + 58 + (0 - 3). Let l = d + -28. What is the remainder when l is divided by 4?
2
Let s = -3182 - -3284. Calculate the remainder when 507 is divided by s.
99
Suppose -121*w + 5931 = -1813. Let u = 31 - 8. Calculate the remainder when w is divided by u.
18
Suppose 0 = 44*k - 560 - 144. Calculate the remainder when 9787 is divided by k.
11
Suppose 7*w - 2*w - 5*u = 800, -476 = -3*w - u. Calculate the remainder when w is divided by 3/1 + -3 + 10.
9
Suppose 205 = 28*f - 19. Let r(v) = 0 - 4 - 4 + 2*v - 3. Calculate the remainder when 9 is divided by r(f).
4
Let k = -6 + 36. Suppose -w + k = w. Calculate the remainder when 53 is divided by 1*w + (-2)/2 + 0.
11
Let p(r) = 16*r - 16. Let g be p(14). Let i = g + -199. What is the remainder when 48 is divided by i?
3
Suppose 0 = r - 7 + 3. Suppose -r*i + 49 = 17. Calculate the remainder when ((-2)/3*-3)/2 - -13 is divided by i.
6
Suppose -16*b + 6045 = -979. Calculate the remainder when b is divided by 45.
34
Suppose 4*w = 16 + 28. What is the remainder when 98 - 71 - (-558)/2 is divided by w?
9
Suppose 66 = 160*p - 132*p - 46. What is the remainder when 631 is divided by p?
3
Suppose -755*r = -741*r - 1442. Calculate the remainder when 2259 is divided by r.
96
Let b(d) = -d**3 + 8*d**2 + 8*d + 8. Let l be b(9). Calculate the remainder when l/6 + 4920/144 is divided by 22.
12
Suppose 0 + 10 = 5*b. What is the remainder when (-8420)/(-28) - b/(-7) is divided by 38?
35
Let a be 1102*((-20)/8)/(-5). Let w = -537 + a. Calculate the remainder when ((-1)/2)/(1/(-52)) is divided by w.
12
Calculate the remainder when ((-4)/74 - 0) + 2826576/1332 is divided by 9.
7
Suppose -12 = -s - 5*j + 6, -5*j = -s + 28. Let x(n) = 19*n**2 + 5*n**2 + 15 - n - s*n**2. What is the remainder when x(7) is divided by 15?
12
Suppose 0 = -2*n - 75 - 93. Let j = n - -105. What is the remainder when j is divided by 11?
10
Suppose 5*u + 26 = 2*j + 9*u, 0*u - 5*u = -0*u. Let b(i) = 26*i**2 + i. Let q = -2 - -1. What is the remainder when b(q) is divided by j?
12
Suppose -34*z - 3*y + 87 = -32*z, 2*z - 5*y = 127. What is the remainder when 661 is divided by z?
49
Let q = 14293 - 13958. What is the remainder when q is divided by 108?
11
Let i = 21 - 11. Suppose 4*c - 45 = -5*c. Suppose -96 = c*p - 336. What is the remainder when p is divided by i?
8
Suppose 4*i - 4*u + 8 = 0, 2*i - 18 = -3*i - 2*u. Suppose 3*f - 33 = -2*c, -f + 35 = i*c - 0*f. Calculate the remainder when 51 is divided by c.
15
Suppose -38*d - 82012 = -154*d. What is the remainder when d is divided by 65?
57
Suppose 2*s + 83 = m, 0 = -m + 2*m - 1. Let w = 52 + s. Calculate the remainder when 15 + 5/(10/6) is divided by w.
7
Let y = 883 + -502. Let x(a) = a**3 - 24*a**2 - 26*a + 283. Let n be x(22). Let t = n - -1289. Calculate the remainder when y is divided by t.
29
Let n be 9/12 + (-15)/4 - 19. Let p = n + 26. Suppose 0 = -3*g + p*g - 10. Calculate the remainder when 38 is divided by g.
8
Suppose -3*q = 2*q + 20, 0 = -5*z + 4*q - 1134. What is the remainder when 179 is divided by z/(-18) - 32/(-144)?
10
Calculate the remainder when (-16)/((-192)/(-36))*-25 is divided by -10 + 9 - (-1 + -72).
3
Let y(z) be the third derivative of 19*z**5/15 - z**3/6 + z**2. Let u = -7403 - -7417. Calculate the remainder when y(-1) is divided by u.
5
Let r = 473 + -470. Suppose r*h - 54 = -0. What is the remainder when 125 is divided by h?
17
Let l = -339 + 342. Suppose 4*t - 132 = -l*i, -2*i + i - 3*t = -39. Calculate the remainder when i is divided by 11.
4
What is the remainder when 409 is divided by -123*(5 + (-64)/12)?
40
Suppose 5*i = 3*h - 3663, 222*h = 226*h + i - 4838. Calculate the remainder when h is divided by 135.
131
Let l(g) = 8*g - 16. Let w be l(3). Let d be (-2)/((-5)/((-200)/(-1))). Let r = d + w. Calculate the remainder when r is divided by 30.
28
Suppose -7*n + 5*n = -4*x - 2178, 4371 = 4*n - 3*x. Calculate the remainder when n is divided by 27.
15
Let u(j) = j + 19. Let i = -64 - -57. Let m be u(i). Suppose -a + 4 = t - 2, t = 5*a - m. Calculate the remainder when 34 is divided by t.
1
Let j = 48 - 53. Let v be (j + (-2 - -113))/2. Suppose 0 = -50*o + v*o - 813. Calculate the remainder when o is divided by 39.
37
Let j = -11194 + 12399. What is the remainder when j is divided by 33?
17
Suppose -14*q + 2112 = -31*q + 20*q. Calculate the remainder when q is divided by 51.
41
What is the remainder when 8255 is divided by ((-23)/(345/(-160)))/((-12)/(-9))?
7
Let m = -30 + 28. Let w = 7 + m. Suppose w*c = 83 - 23. What is the remainder when 33 is divided by c?
9
Let x = -744 - -930. Suppose 7*u - 283 = -3*d + 2*u, 2*u - x = -2*d. Calculate the remainder when d is divided by 30.
1
Let b(v) = -2*v**3 + 78*v**2 + 112. Calculate the remainder when b(39) is divided by 19.
17
What is the remainder when (1 + -1887)*(-2 + (-15)/(-10)) is divided by 63?
61
Let n(v) = -6*v + 5 - 3 - 6. Let o be n(-2). Let w = o + 16. What is the remainder when 93 is divided by w?
21
What is the remainder when ((-102)/2)/(17/255*-5) is divided by 125?
28
Let l be ((3 - 4) + -5)/((-6)/68). Suppose -f - 27 = 3*d - 74, 4*d - l = 4*f. Calculate the remainder when 75 is divided by d.
11
Suppose -2*f + 28 = -2*o, 16 = 2*f - o - 11. Suppose b + 4*w = -f, 0*b = -2*b + w + 19. What is the remainder when 88 is divided by b?
4
Let k = 56 + -33. Suppose 3*r + 132 = 7*r. Let c = -28 + r. Calculate the remainder when k is divided by c.
3
Suppose 3 = -w + 4*n - 4, w + n = 3. Let r be 6/16*(9 - w). What is the remainder when 21 is divided by (2/3)/(r/((-162)/(-4)))?
3
Suppose 45*a - 5117 = 14*a - 12*a. Calculate the remainder when 561 is divided by a.
85
Suppose 3891*s - 637 = 3878*s. What is the remainder when 404 is divided by s?
12
Suppose -33*o + 3*o + 8*o + 72820 = 0. What is the remainder when o is divided by 158?
150
What is the remainder when (-8)/(19/((-4845)/4)) is divided by 59?
38
Suppose -4*r + 480 = -4*b, -r + 356 = 2*r - 4*b. What is the remainder when r is divided by 2?
0
Let b = 2967 - 2941. What is the remainder when 156 is divided by b?
0
Suppose -4*b + 5*d = -41, 5 = 3*b + d - 21. Let g(n) = 6*n + 71. Calculate the remainder when g(b) is divided by 14.
13
Let h(m) = -9*m**2 + 60*m - 23. What is the remainder when 411 is divided by h(6)?
8
Let z(o) = 4*o - 3*o - 2*o. Suppose -31 + 46 = 5*q. What is the remainder when z(-8) is divided by q?
2
Let v = -99 - -102. Suppose -10 = -2*m + v*j, -3*m + 4*j + 0*j = -13. Calculate the remainder when (1/2 - m - -2)*10 is divided by 14.
7
Suppose 5*p + 4*p = 0. Suppose 6*i + 17*i - 874 = p. Calculate the remainder when 301 is divided by i.
35
Suppose -40 = -3*r + l, 0*l - 4 = -r - 2*l. Suppose 81 + 75 = r*j. What is the remainder when 74 is divided by j?
9
Let o(n) = -n**3 + 19*n**2 + 40*n + 40. Let r be o(21). Calculate the remainder when 69 is divided by 224/21 + 14/6 + r.
3
Suppose 740 = -0*j + 4*j. Suppose 4*f + f - j = 0. Calculate the remainder when f is divided by 2607/158 - (-14)/4.
17
What is the remainder when 8/14*(-5159)/(-44) is divided by 60?
7
Suppose -6*p + 6288 = 18*p. What is the remainder when p is divided by 28?
10
Let x(y) = 55*y + 4894. What is the remainder when 1027 is divided by x(-83)?
40
Let z be -7 + -1*2 - 1. Let v(d) = -3*d - 11*d + 15*d - 11*d + 15. What is the remainder when v(z) is divided by 39?
37
Let t(j) = -j**3 - j + 24. Let w be (-162)/(-30) - (-4)/(-10). Suppose 0 = w*b - 0*b. What is the remainder when 70 is divided by t(b)?
22
Let f be (-2)/(-5) - ((-56)/35 + 3). Let g be -1 - (-5 - (f - -142)). Let i = -116 + g. What is the remainder when 83 is divided by i?
25
Suppose -86*t + 8050 = 4806 - 15934. What is the remainder when t is divided by (14/4)/(1/8)?
27
Suppose -6*a - 393 + 1047 = 0. What is the remainder when 382 is divided by a?
55
Suppose 8*n = 10*n - 16. Suppose -n = 3*t - 35. Suppose -2*g - 4*a = -20, t*g - 4*g - 37 = 3*a. Calculate the remainder when g is divided by 5.
3
Let g = -12545 + 1